{"id":139,"date":"2020-10-08T01:58:00","date_gmt":"2020-10-08T04:58:00","guid":{"rendered":"http:\/\/casde.com.ar\/?page_id=139"},"modified":"2022-01-11T08:23:48","modified_gmt":"2022-01-11T11:23:48","slug":"nuestros-servicios","status":"publish","type":"page","link":"https:\/\/casde.com.ar\/","title":{"rendered":"SERVICIOS"},"content":{"rendered":"\n<h2 class=\"wp-block-heading\">NUESTROS SERVICIOS<\/h2>\n\n\n\n<ul class=\"wp-block-list\"><li>SEGURIDAD ELECTR\u00d3NICA<\/li><li>REDES Y SISTEMAS<\/li><li>CLIMATIZACI\u00d3N<\/li><li>ELECTROMEC\u00c1NICA<\/li><li>INSTRUMENTACI\u00d3N<\/li><li>AUTOMATIZACI\u00d3N Y CONTROL<\/li><\/ul>\n","protected":false},"excerpt":{"rendered":"<p>NUESTROS SERVICIOS SEGURIDAD ELECTR\u00d3NICA REDES Y SISTEMAS CLIMATIZACI\u00d3N ELECTROMEC\u00c1NICA INSTRUMENTACI\u00d3N AUTOMATIZACI\u00d3N Y CONTROL<\/p>\n","protected":false},"author":1,"featured_media":0,"parent":0,"menu_order":0,"comment_status":"closed","ping_status":"closed","template":"","meta":{"footnotes":""},"class_list":["post-139","page","type-page","status-publish","hentry"],"_links":{"self":[{"href":"https:\/\/casde.com.ar\/index.php\/wp-json\/wp\/v2\/pages\/139","targetHints":{"allow":["GET"]}}],"collection":[{"href":"https:\/\/casde.com.ar\/index.php\/wp-json\/wp\/v2\/pages"}],"about":[{"href":"https:\/\/casde.com.ar\/index.php\/wp-json\/wp\/v2\/types\/page"}],"author":[{"embeddable":true,"href":"https:\/\/casde.com.ar\/index.php\/wp-json\/wp\/v2\/users\/1"}],"replies":[{"embeddable":true,"href":"https:\/\/casde.com.ar\/index.php\/wp-json\/wp\/v2\/comments?post=139"}],"version-history":[{"count":5,"href":"https:\/\/casde.com.ar\/index.php\/wp-json\/wp\/v2\/pages\/139\/revisions"}],"predecessor-version":[{"id":173,"href":"https:\/\/casde.com.ar\/index.php\/wp-json\/wp\/v2\/pages\/139\/revisions\/173"}],"wp:attachment":[{"href":"https:\/\/casde.com.ar\/index.php\/wp-json\/wp\/v2\/media?parent=139"}],"curies":[{"name":"wp","href":"https:\/\/api.w.org\/{rel}","templated":true}]}}